se 5) to base 9
-1275110
Convert -412cb5 (base 13) to base 9.
-2766415
What is 2404397 (base 10) in base 7?
26302622
-2b4d5c (base 14) to base 5
-341334310
Convert -6156501 (base 9) to base 5.
-1320112110
What is -1530188 (base 9) in base 10?
-846530
What is -526460 (base 13) in base 7?
-22245413
What is 100111100111001011010 (base 2) in base 12?
5271b6
What is -134893 (base 11) in base 15?
-42963
-3aa865 (base 11) to base 14
-12a93a
What is 183199 (base 10) in base 4?
230232133
Convert -100011111101011101011 (base 2) to base 3.
-2012212101111
Convert bd01 (base 16) to base 15.
e50a
What is -438b6 (base 12) in base 16?
-15d4a
What is 451588 (base 10) in base 12?
199404
What is 156420 (base 8) in base 15?
11b7c
-10206659 (base 10) to base 11
-5841461
What is -11220122121112 (base 3) in base 4?
-21331130303
11002210002110 (base 3) to base 5
1024234010
What is -1a4c24c (base 15) in base 5?
-14410243042
What is 115301 (base 6) in base 16?
2815
What is 2b9a3 (base 12) in base 13?
22236
-509649 (base 11) to base 14
-174177
11415210 (base 6) to base 12
154506
What is 2125248 (base 9) in base 12?
46b108
What is 141442321 (base 5) in base 4?
2303032012
-346228 (base 10) to base 14
-90268
Convert 656008 (base 9) to base 16.
5f939
Convert 1010221121200 (base 3) to base 7.
5114664
What is 136c078 (base 15) in base 13?
2b983aa
What is aa4466 (base 15) in base 11?
46425a5
What is -1023033120 (base 4) in base 3?
-120122202020
Convert 110000110100011 (base 2) to base 9.
37252
Convert 1000101111010011011 (base 2) to base 14.
76507
Convert 16663 (base 7) to base 10.
4798
What is 16565075 (base 8) in base 9?
7234328
What is -1111044 (base 5) in base 2?
-100110001000100
Convert -18056c (base 15) to base 9.
-2165813
1342668 (base 12) to base 8
16444460
Convert -55ab8 (base 13) to base 3.
-21220111010
Convert 6266401 (base 8) to base 14.
31537b
Convert 818c2 (base 16) to base 10.
530626
What is -322331221 (base 4) in base 15?
-4b85d
Convert -20526 (base 10) to base 9.
-31136
What is 171957 (base 10) in base 16?
29fb5
What is a03a9 (base 13) in base 14?
7646c
Convert -3339842 (base 10) to base 15.
-45e8b2
What is -10000000011100111000 (base 2) in base 14?
-d9a52
What is 269a272 (base 11) in base 16?
4706ec
-3883827 (base 12) to base 13
-23c4ac0
Convert 14661344 (base 8) to base 12.
1164a58
What is -169f63 (base 16) in base 8?
-5517543
-cdbd6 (base 16) to base 14
-17d178
293366 (base 10) to base 7
2331203
-126ac18 (base 15) to base 11
-752a68a
15506013 (base 7) to base 11
93342a
Convert -34026620 (base 8) to base 3.
-111211111122001
What is -3812b7 (base 12) in base 5?
-213231124
Convert -1001100001010101011101 (base 2) to base 12.
-a04425
Convert 2253304 (base 6) to base 14.
30452
Convert -10551141 (base 6) to base 11.
-202676
Convert -13312144 (base 5) to base 16.
-21083
Convert 11e23b (base 15) to base 11.
536499
344442 (base 8) to base 9
187468
Convert 2b3618 (base 12) to base 9.
1334782
Convert -7077171 (base 8) to base 4.
-13013321321
Convert a508 (base 13) to base 4.
11210213
-4131530 (base 6) to base 3
-101002120100
-4013231 (base 5) to base 6
-1210142
2005051 (base 6) to base 12
46787
What is 52980 (base 12) in base 15?
22253
-2401341 (base 5) to base 13
-17025
What is 1142831 (base 9) in base 15?
c357d
Convert 242489 (base 14) to base 15.
196205
-576313 (base 8) to base 10
-195787
Convert 120333033 (base 4) to base 7.
604254
481588 (base 9) to base 11
188894
Convert -3130131103 (base 4) to base 3.
-1200212200021
Convert 100000111000100111 (base 2) to base 10.
134695
What is -12464 (base 11) in base 13?
-8188
-84415 (base 12) to base 6
-3414425
What is -14212220 (base 6) in base 5?
-110441144
What is -20211233 (base 4) in base 12?
-1843b
-a1554 (base 14) to base 2
-1011110101101110110
What is 120220213 (base 4) in base 10?
100903
42427430 (base 8) to base 15
bdd3ee
110110100212110 (base 3) to base 4
121100120022
What is -221220002101 (base 3) in base 14?
-d3a27
What is -135031032 (base 6) in base 12?
-b0b478
Convert -13320203 (base 4) to base 3.
-1122021222
Convert 100301302 (base 5) to base 8.
1415512
What is 3a1888 (base 13) in base 6?
50024022
What is 2449d3 (base 16) in base 8?
11044723
Convert 203820 (base 10) to base 12.
99b50
Convert -240942 (base 10) to base 6.
-5055250
-360389 (base 12) to base 5
-210341244
-6706707 (base 8) to base 10
-1805767
What is -186010 (base 13) in base 12?
-256894
52710 (base 11) to base 5
4423400
10112123203 (base 4) to base 13
30c130
-3530623 (base 7) to base 9
-746654
What is -20a4a4 (base 12) in base 8?
-1757074
Convert 7a31d (base 14) to base 12.
123a33
137992 (base 10) to base 11
94748
10220120210 (base 3) to base 2
10010110010101011
Convert -25724555 (base 8) to base 13.
-1261c16
Convert -59032d (base 16) to base 2.
-10110010000001100101101
What is 406765 (base 13) in base 7?
15514033
Convert 2544513 (base 6) to base 4.
201302331
1bb0273 (base 12) to base 8
26550167
Convert -10111111000010110 (base 2) to base 8.
-277026
Convert 398789 (base 14) to base 15.
2926c6
124787 (base 15) to base 11
549027
Convert 45b31 (base 12) to base 10.
93205
Convert 1100001101111111110000 (base 2) to base 13.
881bcc
-323432442 (base 5) to base 6
-45442003
What is 42134200 (base 5) in base 8?
1252164
Convert 311121032 (base 4) to base 7.
1600421
Convert 100010000001101101 (base 2) to base 6.
2553125
-3c9a15 (base 13) to base 4
-11220313030
-2937a8 (base 12) to base 8
-2504660
-25145552 (base 6) to base 12
-32b2b8
Convert 12200110121 (base 3) to base 8.
332405
101202212212001 (base 3) to base 11
3260693
-1b644 (base 16) to base 4
-123121010
Convert 2374122 (base 8) to base 5.
131402034
What is 249b78 (base 16) in base 7?
26251310
What is 3a1264 (base 14) in base 8?
7503730
-667232 (base 8) to base 9
-372473
-f2dcc (base 16) to base 14
-1bc748
-122107 (base 14) to base 12
-25abb7
5b407c (base 14) to base 9
5778577
Convert 110010110001111101 (base 2) to base 6.
4242541
What is 12411465 (base 8) in base 7?
32303103
-302514354 (base 6) to base 12
-18959ba
-588940 (base 11) to base 13
-26927a
Convert -26323354 (base 7) to base 16.
-24c3ca
What is 317179 (base 11) in base 9?
852816
Convert 11110100000000011010100 (base 2) to base 8.
36400324
445005 (base 10) to base 6
13312113
245136304 (base 7) to base 15
154e45d
What is 1020808 (base 10) in base 13?
299839
What is -12140302 (base 6) in base 4?
-1132110032
-11033445 (base 6) to base 13
-b7a49
-2303045 (base 6) to base 7
-666014
-28759 (base 11) to base 7
-230033
Convert 86222 (base 15) to base 5.
102110412
130533402 (base 7) to base 8
37611327
What is -127490 (base 10) in base 13?
-4604c
What is -1450233 (base 7) in base 10?
-197004
46350 (base 9) to base 2
111100010111010
What is -434913 (base 10) in base 16?
-6a2e1
What is -1207999 (base 11) in base 10?
-2104177
What is -114652145 (base 7) in base 5?
-3314010210
Convert -959549 (base 12) to base 3.
-11102212121210
Convert -144242232 (base 5) to base 10.
-774692
What is 3915122 (base 12) in base 11?
6379001
What is -199a2 (base 12) in base 10?
-37706
What is 111111000011000001110 (base 2) in base 6?
112140302
19093 (base 11) to base 10
26722
What is 1188681 (base 9) in base 8?
2364231
What is -4214300 (base 5) in base 2?
-10001000100111110
What is 61144 (base 12) in base 6?
2412524
Convert -520465 (base 8) to base 6.
-3405513
Convert 457139 (base 16) to base 4.
101113010321
What is -5376625 (base 8) in base 6?
-50520033
4accb (base 13) to base 14
38625
Convert 1ac36a (base 14) to base 13.
275c53
What is -314157 (base 8) in base 14?
-2a167
11535204 (base 6) to base 8
1323524
-3094 (base 11) to base 10
-4096
Convert bca9 (base 16) to base 13.
18ca2
What is -870060 (base 10) in base 15?
-122be0
6362541 (base 7) to base 11
487859
What is 212110121110 (base 3) in base 13?
13231b
252e9 (base 16) to base 6
3133025
Convert -20021111113 (base 4) to base 5.
-1021313013
What is -194629 (base 15) in base 2?
-100101100010001000001
What is -126120311 (base 7) in base 2?
-11111000011001100011001
What is 4915e (base 15) in base 13?
821a8
What is -144f37 (base 16) in base 15?
-1b4584
Convert 3183506 (base 10) to base 5.
1303333011
2378455 (base 9) to base 6
43410122
What is 3a11a (base 16) in base 5?
30102400
-1941696 (base 10) to base 13
-52ca43
2a9353 